llions digit of 7086045?
7
What is the tens digit of 1364899?
9
What is the thousands digit of 8398387?
8
What is the thousands digit of 4220709?
0
What is the hundred thousands digit of 1103867?
1
What is the units digit of 675496?
6
What is the thousands digit of 19409240?
9
What is the units digit of 1663789?
9
What is the ten thousands digit of 461399?
6
What is the hundred thousands digit of 24444356?
4
What is the hundreds digit of 2635667?
6
What is the thousands digit of 7946214?
6
What is the millions digit of 2496345?
2
What is the thousands digit of 27902753?
2
What is the tens digit of 949289?
8
What is the hundreds digit of 6974217?
2
What is the millions digit of 1133828?
1
What is the millions digit of 3853984?
3
What is the tens digit of 1181794?
9
What is the ten thousands digit of 1649054?
4
What is the units digit of 2120573?
3
What is the hundred thousands digit of 1876788?
8
What is the tens digit of 987376?
7
What is the hundreds digit of 179689?
6
What is the tens digit of 175029?
2
What is the tens digit of 907188?
8
What is the ten thousands digit of 677921?
7
What is the millions digit of 1411578?
1
What is the units digit of 988685?
5
What is the thousands digit of 754525?
4
What is the ten thousands digit of 8104946?
0
What is the hundreds digit of 178328?
3
What is the thousands digit of 3795797?
5
What is the hundred thousands digit of 549842?
5
What is the tens digit of 1757423?
2
What is the millions digit of 8357372?
8
What is the hundred thousands digit of 2609629?
6
What is the hundred thousands digit of 751870?
7
What is the tens digit of 6353724?
2
What is the hundreds digit of 71765?
7
What is the millions digit of 4746682?
4
What is the millions digit of 8881551?
8
What is the tens digit of 915775?
7
What is the tens digit of 644972?
7
What is the hundred thousands digit of 2403713?
4
What is the hundreds digit of 150297?
2
What is the ten thousands digit of 470681?
7
What is the tens digit of 2478225?
2
What is the ten thousands digit of 155422?
5
What is the millions digit of 3342984?
3
What is the hundreds digit of 68907?
9
What is the ten thousands digit of 1657538?
5
What is the thousands digit of 181095?
1
What is the tens digit of 4415422?
2
What is the hundred thousands digit of 157383?
1
What is the thousands digit of 1455078?
5
What is the ten thousands digit of 832251?
3
What is the thousands digit of 1086331?
6
What is the ten thousands digit of 171110?
7
What is the units digit of 585799?
9
What is the units digit of 3678562?
2
What is the hundreds digit of 3964022?
0
What is the hundred thousands digit of 3973928?
9
What is the hundreds digit of 10702054?
0
What is the tens digit of 502687?
8
What is the thousands digit of 12863413?
3
What is the hundreds digit of 9868549?
5
What is the units digit of 2386502?
2
What is the millions digit of 4766007?
4
What is the hundred thousands digit of 907784?
9
What is the units digit of 258144?
4
What is the thousands digit of 824091?
4
What is the tens digit of 1190560?
6
What is the hundred thousands digit of 525310?
5
What is the thousands digit of 37509?
7
What is the ten thousands digit of 28641306?
4
What is the thousands digit of 1109469?
9
What is the hundreds digit of 206327?
3
What is the ten thousands digit of 24312253?
1
What is the units digit of 217038?
8
What is the ten thousands digit of 187470?
8
What is the hundred thousands digit of 17819678?
8
What is the hundred thousands digit of 297476?
2
What is the hundred thousands digit of 311697?
3
What is the hundred thousands digit of 1064088?
0
What is the hundred thousands digit of 23853465?
8
What is the hundred thousands digit of 8831233?
8
What is the tens digit of 218678?
7
What is the tens digit of 15226464?
6
What is the tens digit of 190604?
0
What is the hundreds digit of 135324?
3
What is the units digit of 376343?
3
What is the hundred thousands digit of 19228940?
2
What is the ten thousands digit of 5502053?
0
What is the hundreds digit of 6685750?
7
What is the tens digit of 356479?
7
What is the hundred thousands digit of 7498948?
4
What is the units digit of 11253164?
4
What is the ten thousands digit of 3661495?
6
What is the hundreds digit of 8605690?
6
What is the tens digit of 895125?
2
What is the units digit of 2949948?
8
What is the millions digit of 22188676?
2
What is the hundred thousands digit of 7659048?
6
What is the tens digit of 65240?
4
What is the ten millions digit of 15271956?
1
What is the thousands digit of 350420?
0
What is the tens digit of 19749337?
3
What is the tens digit of 730996?
9
What is the ten millions digit of 18964695?
1
What is the millions digit of 2338760?
2
What is the hundreds digit of 204738?
7
What is the units digit of 51290?
0
What is the hundred thousands digit of 14554938?
5
What is the ten thousands digit of 2176373?
7
What is the hundreds digit of 1917800?
8
What is the hundreds digit of 289705?
7
What is the thousands digit of 297270?
7
What is the millions digit of 2790482?
2
What is the units digit of 1020676?
6
What is the tens digit of 312408?
0
What is the thousands digit of 406641?
6
What is the thousands digit of 592386?
2
What is the millions digit of 1017375?
1
What is the units digit of 8764?
4
What is the ten millions digit of 11206293?
1
What is the hundred thousands digit of 7100299?
1
What is the thousands digit of 195171?
5
What is the ten thousands digit of 500230?
0
What is the units digit of 6678749?
9
What is the millions digit of 16314156?
6
What is the ten thousands digit of 560254?
6
What is the units digit of 171445?
5
What is the tens digit of 257745?
4
What is the ten thousands digit of 354365?
5
What is the millions digit of 1204615?
1
What is the hundred thousands digit of 277904?
2
What is the tens digit of 427463?
6
What is the tens digit of 2471139?
3
What is the hundred thousands digit of 5061242?
0
What is the millions digit of 3394491?
3
What is the thousands digit of 211769?
1
What is the tens digit of 140147?
4
What is the thousands digit of 1236467?
6
What is the units digit of 184371?
1
What is the thousands digit of 4929801?
9
What is the units digit of 29314266?
6
What is the millions digit of 1552595?
1
What is the units digit of 319908?
8
What is the hundreds digit of 78176?
1
What is the thousands digit of 7237353?
7
What is the hundred thousands digit of 5088408?
0
What is the hundreds digit of 305318?
3
What is the hundreds digit of 4752543?
5
What is the hundred thousands digit of 22326022?
3
What is the millions digit of 2165964?
2
What is the tens digit of 4297281?
8
What is the tens digit of 7929590?
9
What is the millions digit of 8486087?
8
What is the thousands digit of 150495?
0
What is the hundred thousands digit of 1585722?
5
What is the thousands digit of 754699?
4
What is the units digit of 112194?
4
What is the hundreds digit of 81579?
5
What is the ten thousands digit of 8206022?
0
What is the tens digit of 16360?
6
What is the units digit of 94299?
9
What is the hundred thousands digit of 5264068?
2
What is the hundreds digit of 904461?
4
What is the ten thousands digit of 34376?
3
What is the ten thousands digit of 60000?
6
What is the hundreds digit of 491?
4
What is the hundred thousands digit of 286074?
2
What is the hundreds digit of 1283444?
4
What is the hundred thousands digit of 1343366?
3
What is the millions digit of 3652056?
3
What is the tens digit of 322602?
0
What is the thousands digit of 1424357?
4
What is the hundreds digit of 550607?
6
What is the tens digit of 2945604?
0
What is the units digit of 54708?
8
What is the hundred thousands digit of 405301?
4
What is the ten thousands digit of 222683?
2
What is the thousands digit of 170866?
0
What is the tens digit of 17652422?
2
What is the hundreds digit of 2069348?
3
What is the hundreds digit of 293379?
3
What is the millions digit of 2598876?
2
What is the thousands digit of 6763421?
3
What is the thousands digit of 3641567?
1
What is the ten thousands digit of 30581291?
8
What is the hundred thousands digit of 1799439?
7
What is the hundreds digit of 89519?
5
What is the thousands digit of 4208114?
8
What is the hundreds digit of 1816863?
8
What is the hundred thousands digit of 2590718?
5
